{"id":1798,"date":"2020-08-13T01:05:37","date_gmt":"2020-08-13T04:05:37","guid":{"rendered":"http:\/\/170.210.81.163\/auzaweb\/?p=1798"},"modified":"2025-12-22T14:28:02","modified_gmt":"2025-12-22T17:28:02","slug":"tecnicatura-universitaria-en-topografia","status":"publish","type":"page","link":"https:\/\/creuzaweb.uncoma.edu.ar\/index.php\/tecnicatura-universitaria-en-topografia\/","title":{"rendered":"Tecnicatura Universitaria en Topograf\u00eda"},"content":{"rendered":"\t\t<div data-elementor-type=\"wp-page\" data-elementor-id=\"1798\" class=\"elementor elementor-1798\" data-elementor-post-type=\"page\">\n\t\t\t\t<div class=\"elementor-element elementor-element-c04f870 e-flex e-con-boxed e-con e-parent\" data-id=\"c04f870\" data-element_type=\"container\" data-e-type=\"container\">\n\t\t\t\t\t<div class=\"e-con-inner\">\n\t\t<div class=\"elementor-element elementor-element-e48071f e-con-full e-flex e-con e-child\" data-id=\"e48071f\" data-element_type=\"container\" data-e-type=\"container\">\n\t\t\t\t<div class=\"elementor-element elementor-element-0c17a65 elementor-widget elementor-widget-heading\" data-id=\"0c17a65\" data-element_type=\"widget\" data-e-type=\"widget\" data-widget_type=\"heading.default\">\n\t\t\t\t\t<h3 class=\"elementor-heading-title elementor-size-default\">Tecnicatura Universitaria en Topograf\u00eda<\/h3>\t\t\t\t<\/div>\n\t\t\t\t<div class=\"elementor-element elementor-element-c200185 elementor-widget-divider--view-line elementor-widget elementor-widget-divider\" data-id=\"c200185\" data-element_type=\"widget\" data-e-type=\"widget\" data-widget_type=\"divider.default\">\n\t\t\t\t\t\t\t<div class=\"elementor-divider\">\n\t\t\t<span class=\"elementor-divider-separator\">\n\t\t\t\t\t\t<\/span>\n\t\t<\/div>\n\t\t\t\t\t\t<\/div>\n\t\t\t\t<div class=\"elementor-element elementor-element-8ba76c8 elementor-widget elementor-widget-heading\" data-id=\"8ba76c8\" data-element_type=\"widget\" data-e-type=\"widget\" data-widget_type=\"heading.default\">\n\t\t\t\t\t<h4 class=\"elementor-heading-title elementor-size-default\">T\u00edtulo: T\u00e9cnico\/a Universitario en Topograf\u00eda<\/h4>\t\t\t\t<\/div>\n\t\t\t\t<div class=\"elementor-element elementor-element-226519b elementor-widget elementor-widget-text-editor\" data-id=\"226519b\" data-element_type=\"widget\" data-e-type=\"widget\" data-widget_type=\"text-editor.default\">\n\t\t\t\t\t\t\t\t\t<p><!-- \/wp:paragraph --><\/p>\n<p><!-- wp:file {\"id\":1799,\"href\":\"http:\/\/170.210.81.163\/auzaweb\/wp-content\/uploads\/2020\/08\/RES-1009-15_TEC_UNIV_EN_TOPOGRAFIA.pdf\"} --><\/p>\n<div class=\"wp-block-file\"><a href=\"https:\/\/creuzaweb.uncoma.edu.ar\/wp-content\/uploads\/2020\/08\/RES-1009-15_TEC_UNIV_EN_TOPOGRAFIA.pdf\">RES-1009-15_TEC_UNIV_EN_TOPOGRAFIA\u00a0<\/a><\/div>\n<p><!-- \/wp:paragraph --><\/p>\n<p><!-- wp:paragraph --><\/p>\n<p><!-- \/wp:paragraph --><\/p>\n<p><!-- wp:paragraph --><\/p>\n<p><!-- \/wp:paragraph --><\/p>\t\t\t\t\t\t\t\t<\/div>\n\t\t\t\t<div class=\"elementor-element elementor-element-6ed7b27 elementor-widget elementor-widget-icon-box\" data-id=\"6ed7b27\" data-element_type=\"widget\" data-e-type=\"widget\" data-widget_type=\"icon-box.default\">\n\t\t\t\t\t\t\t<div class=\"elementor-icon-box-wrapper\">\n\n\t\t\t\n\t\t\t\t\t\t<div class=\"elementor-icon-box-content\">\n\n\t\t\t\t\t\t\t\t\t<h4 class=\"elementor-icon-box-title\">\n\t\t\t\t\t\t<span  >\n\t\t\t\t\t\t\tDuraci\u00f3n: 3 a\u00f1os\t\t\t\t\t\t<\/span>\n\t\t\t\t\t<\/h4>\n\t\t\t\t\n\t\t\t\t\n\t\t\t<\/div>\n\t\t\t\n\t\t<\/div>\n\t\t\t\t\t\t<\/div>\n\t\t\t\t<div class=\"elementor-element elementor-element-ab5253c elementor-widget elementor-widget-icon-box\" data-id=\"ab5253c\" data-element_type=\"widget\" data-e-type=\"widget\" data-widget_type=\"icon-box.default\">\n\t\t\t\t\t\t\t<div class=\"elementor-icon-box-wrapper\">\n\n\t\t\t\n\t\t\t\t\t\t<div class=\"elementor-icon-box-content\">\n\n\t\t\t\t\t\t\t\t\t<h4 class=\"elementor-icon-box-title\">\n\t\t\t\t\t\t<span  >\n\t\t\t\t\t\t\tRequisito de Ingreso\t\t\t\t\t\t<\/span>\n\t\t\t\t\t<\/h4>\n\t\t\t\t\n\t\t\t\t\t\t\t\t\t<p class=\"elementor-icon-box-description\">\n\t\t\t\t\t\tNivel medio completo o Polimodal o cumplir con las normas de art\u00edculo 7\u00b0 de la Ley de Educaci\u00f3n Superior N\u00b0 24.521.\t\t\t\t\t<\/p>\n\t\t\t\t\n\t\t\t<\/div>\n\t\t\t\n\t\t<\/div>\n\t\t\t\t\t\t<\/div>\n\t\t\t\t<div class=\"elementor-element elementor-element-e22f3a4 elementor-widget elementor-widget-icon-box\" data-id=\"e22f3a4\" data-element_type=\"widget\" data-e-type=\"widget\" data-widget_type=\"icon-box.default\">\n\t\t\t\t\t\t\t<div class=\"elementor-icon-box-wrapper\">\n\n\t\t\t\n\t\t\t\t\t\t<div class=\"elementor-icon-box-content\">\n\n\t\t\t\t\t\t\t\t\t<h4 class=\"elementor-icon-box-title\">\n\t\t\t\t\t\t<span  >\n\t\t\t\t\t\t\tPerfil del egresado\t\t\t\t\t\t<\/span>\n\t\t\t\t\t<\/h4>\n\t\t\t\t\n\t\t\t\t\t\t\t\t\t<p class=\"elementor-icon-box-description\">\n\t\t\t\t\t\tLa curr\u00edcula debe proveer al egresado de los conocimientos b\u00e1sicos y t\u00e9cnicos necesarios para conseguir un perfeccionamiento constante en las distintas \u00e1reas que componen su formaci\u00f3n profesional integrado fundamentalmente por el \u00e1rea Foto- Topo-Cartogr\u00e1fica y el \u00e1rea Geomorfol\u00f3gica. \n\n<br> <br>\nDichas \u00e1reas adecuadamente complementadas posibilitan la identificaci\u00f3n, cuantificaci\u00f3n, ubicaci\u00f3n y representaci\u00f3n de los diferentes hechos naturales que existen en el \u00e1rea sometida a su estudio y consideraci\u00f3n.\n\nAs\u00ed mismo tendr\u00e1 los conocimientos adecuados para su permanente actualizaci\u00f3n a trav\u00e9s del estudio personal de publicaciones peri\u00f3dicas y la participaci\u00f3n en cursos, cursillos, talleres, congresos de actualizaci\u00f3n, etc.\t\t\t\t\t<\/p>\n\t\t\t\t\n\t\t\t<\/div>\n\t\t\t\n\t\t<\/div>\n\t\t\t\t\t\t<\/div>\n\t\t\t\t<div class=\"elementor-element elementor-element-1701ccb elementor-widget elementor-widget-icon-box\" data-id=\"1701ccb\" data-element_type=\"widget\" data-e-type=\"widget\" data-widget_type=\"icon-box.default\">\n\t\t\t\t\t\t\t<div class=\"elementor-icon-box-wrapper\">\n\n\t\t\t\n\t\t\t\t\t\t<div class=\"elementor-icon-box-content\">\n\n\t\t\t\t\t\t\t\t\t<h4 class=\"elementor-icon-box-title\">\n\t\t\t\t\t\t<span  >\n\t\t\t\t\t\t\tAlcances:\t\t\t\t\t\t<\/span>\n\t\t\t\t\t<\/h4>\n\t\t\t\t\n\t\t\t\t\t\t\t\t\t<p class=\"elementor-icon-box-description\">\n\t\t\t\t\t\t* Colaborar en el estudio, realizaci\u00f3n y representaci\u00f3n de levantamientos planialtim\u00e9tricos para \u00e1reas definidas.\n\n<br><br>\n* Colabora con el Ingeniero Agrimensor en la demarcaci\u00f3n administrativas.\n<br><br>\n* Colaborar en la realizaci\u00f3n e interpretaci\u00f3n de levantamientos planialtim\u00e9tricos, topogr\u00e1ficos e hidrogr\u00e1ficos con representaci\u00f3n geom\u00e9trica, gr\u00e1fica y anal\u00edtica.\n<br><br>\n* Colaborar en la realizaci\u00f3n de interpretaciones de im\u00e1genes fotogr\u00e1ficas.\n<br><br>\n* Colaborar en la ejecuci\u00f3n de sistemas geom\u00e9tricos planialtim\u00e9tricos y mediciones complementarias para estudio, proyecto, relevamiento y replanteo de obras civiles.\n<br><br>\n* Colaborar en la aplicaci\u00f3n planialtim\u00e9tricos.\n<br><br>\n* Colaborar en la elaboraci\u00f3n e interpretaci\u00f3n de planos y cartas topogr\u00e1ficas.\t\t\t\t\t<\/p>\n\t\t\t\t\n\t\t\t<\/div>\n\t\t\t\n\t\t<\/div>\n\t\t\t\t\t\t<\/div>\n\t\t\t\t<div class=\"elementor-element elementor-element-78fed20 elementor-widget elementor-widget-icon-box\" data-id=\"78fed20\" data-element_type=\"widget\" data-e-type=\"widget\" data-widget_type=\"icon-box.default\">\n\t\t\t\t\t\t\t<div class=\"elementor-icon-box-wrapper\">\n\n\t\t\t\n\t\t\t\t\t\t<div class=\"elementor-icon-box-content\">\n\n\t\t\t\t\t\t\t\t\t<h4 class=\"elementor-icon-box-title\">\n\t\t\t\t\t\t<span  >\n\t\t\t\t\t\t\tMaterias:\t\t\t\t\t\t<\/span>\n\t\t\t\t\t<\/h4>\n\t\t\t\t\n\t\t\t\t\n\t\t\t<\/div>\n\t\t\t\n\t\t<\/div>\n\t\t\t\t\t\t<\/div>\n\t\t\t\t<div class=\"elementor-element elementor-element-496f2ec elementor-widget elementor-widget-text-editor\" data-id=\"496f2ec\" data-element_type=\"widget\" data-e-type=\"widget\" data-widget_type=\"text-editor.default\">\n\t\t\t\t\t\t\t\t\t<p><strong>\u2013 \u00c1REA CIENCIAS B\u00c1SICAS<\/strong><\/p>\n<p>Algebra y Geometr\u00eda Anal\u00edtica<\/p>\n<p>An\u00e1lisis Matem\u00e1tico I<\/p>\n<p>Introducci\u00f3n a la Inform\u00e1tica<\/p>\n<p>Sistemas de Representaci\u00f3n<\/p>\n<p>Algebra Lineal<\/p>\n<p>F\u00edsica I<\/p>\n<p>Trigonometr\u00eda Plana y Esf\u00e9rica<\/p>\n<p>F\u00edsica II<\/p>\n<p>Probabilidad y Estad\u00edstica<\/p>\n<p>An\u00e1lisis Matem\u00e1tico II<\/p>\n<p>Inform\u00e1tica<\/p>\n<p>\u2013 \u00c1REA CIENCIAS TECNOLOGICAS B\u00c1SICAS<\/p>\n<p>Geograf\u00eda F\u00edsica y Geomorf\u00f3logica<\/p>\n<p>Topograf\u00eda I<\/p>\n<p>Teor\u00eda de Errores y Compensaci\u00f3n<\/p>\n<p>Topograf\u00eda ii<\/p>\n<p>Dibujo Cartogr\u00e1fico y Topogr\u00e1fico<\/p>\n<p>\u2013 \u00c1REA CIENCIAS TECNOLOGICAS APLICADAS<\/p>\n<p>Topograf\u00eda Satelital<\/p>\n<p>Fotogrametr\u00eda y Fotointerpretaci\u00f3n<\/p>\n<p>\u2013 \u00c1REA CIENCIAS COMPLEMENTARIAS<\/p>\n<p>Informaci\u00f3n Rural y Agrol\u00f3gica<\/p>\n<p>Estudio y Trazado de Obras Civiles<\/p>\n<p>Conocimientos de Edificios<\/p>\t\t\t\t\t\t\t\t<\/div>\n\t\t\t\t<div class=\"elementor-element elementor-element-7b1e951 elementor-widget elementor-widget-button\" data-id=\"7b1e951\" data-element_type=\"widget\" data-e-type=\"widget\" data-widget_type=\"button.default\">\n\t\t\t\t\t\t\t\t\t\t<a class=\"elementor-button elementor-button-link elementor-size-sm\" href=\"https:\/\/creuzaweb.uncoma.edu.ar\/wp-content\/uploads\/2025\/11\/PLAN-DE-ESTUDIO-TUTOP-2026.pdf\" target=\"_blank\">\n\t\t\t\t\t\t<span class=\"elementor-button-content-wrapper\">\n\t\t\t\t\t\t\t\t\t<span class=\"elementor-button-text\">Plan de Estudios- Descarga<\/span>\n\t\t\t\t\t<\/span>\n\t\t\t\t\t<\/a>\n\t\t\t\t\t\t\t\t<\/div>\n\t\t\t\t<\/div>\n\t\t\t\t\t<\/div>\n\t\t\t\t<\/div>\n\t\t\t\t<\/div>\n\t\t","protected":false},"excerpt":{"rendered":"<p>La curr\u00edcula debe proveer al egresado de los conocimientos b\u00e1sicos y t\u00e9cnicos necesarios para conseguir un perfeccionamiento constante en las distintas \u00e1reas que componen su formaci\u00f3n profesional integrado fundamentalmente por el \u00e1rea Foto- Topo-Cartogr\u00e1fica y el \u00e1rea Geomorfol\u00f3gica. <\/p>\n","protected":false},"author":1,"featured_media":1681,"parent":0,"menu_order":0,"comment_status":"open","ping_status":"open","template":"","meta":{"footnotes":""},"class_list":["post-1798","page","type-page","status-publish","has-post-thumbnail","hentry"],"_links":{"self":[{"href":"https:\/\/creuzaweb.uncoma.edu.ar\/index.php\/wp-json\/wp\/v2\/pages\/1798","targetHints":{"allow":["GET"]}}],"collection":[{"href":"https:\/\/creuzaweb.uncoma.edu.ar\/index.php\/wp-json\/wp\/v2\/pages"}],"about":[{"href":"https:\/\/creuzaweb.uncoma.edu.ar\/index.php\/wp-json\/wp\/v2\/types\/page"}],"author":[{"embeddable":true,"href":"https:\/\/creuzaweb.uncoma.edu.ar\/index.php\/wp-json\/wp\/v2\/users\/1"}],"replies":[{"embeddable":true,"href":"https:\/\/creuzaweb.uncoma.edu.ar\/index.php\/wp-json\/wp\/v2\/comments?post=1798"}],"version-history":[{"count":18,"href":"https:\/\/creuzaweb.uncoma.edu.ar\/index.php\/wp-json\/wp\/v2\/pages\/1798\/revisions"}],"predecessor-version":[{"id":5915,"href":"https:\/\/creuzaweb.uncoma.edu.ar\/index.php\/wp-json\/wp\/v2\/pages\/1798\/revisions\/5915"}],"wp:featuredmedia":[{"embeddable":true,"href":"https:\/\/creuzaweb.uncoma.edu.ar\/index.php\/wp-json\/wp\/v2\/media\/1681"}],"wp:attachment":[{"href":"https:\/\/creuzaweb.uncoma.edu.ar\/index.php\/wp-json\/wp\/v2\/media?parent=1798"}],"curies":[{"name":"wp","href":"https:\/\/api.w.org\/{rel}","templated":true}]}}